y 1494?
1485
Calculate the remainder when 7220 is divided by 7087.
133
What is the remainder when 482423 is divided by 8587?
1551
Calculate the remainder when 89804168 is divided by 90.
8
Calculate the remainder when 153358226 is divided by 4653.
4652
What is the remainder when 322699 is divided by 166?
161
What is the remainder when 7552739 is divided by 46?
45
What is the remainder when 61288334 is divided by 3064416?
14
Calculate the remainder when 283281 is divided by 283130.
151
What is the remainder when 6393724 is divided by 2131240?
4
What is the remainder when 6622756 is divided by 11?
8
What is the remainder when 6939968 is divided by 20?
8
What is the remainder when 148379821 is divided by 14?
9
Calculate the remainder when 27381 is divided by 6172.
2693
What is the remainder when 173358 is divided by 572?
42
What is the remainder when 906762 is divided by 144?
138
What is the remainder when 70199063 is divided by 9?
8
Calculate the remainder when 12306 is divided by 161.
70
What is the remainder when 2131031 is divided by 25?
6
Calculate the remainder when 16664838 is divided by 53.
48
Calculate the remainder when 1214056 is divided by 59.
13
What is the remainder when 727206 is divided by 363472?
262
What is the remainder when 55961 is divided by 4925?
1786
Calculate the remainder when 820821 is divided by 102602.
5
Calculate the remainder when 175118 is divided by 10290.
188
What is the remainder when 25860533 is divided by 1553?
1530
What is the remainder when 3388482 is divided by 77?
20
What is the remainder when 457798793 is divided by 24329?
0
Calculate the remainder when 252159 is divided by 972.
411
Calculate the remainder when 881294 is divided by 867.
422
What is the remainder when 5598708 is divided by 1944?
1932
Calculate the remainder when 2977271 is divided by 212660.
31
What is the remainder when 4610724 is divided by 3284?
3272
What is the remainder when 786596 is divided by 2831?
2409
What is the remainder when 315554 is divided by 14?
8
What is the remainder when 67911 is divided by 3886?
1849
What is the remainder when 80222 is divided by 79402?
820
What is the remainder when 1364713 is divided by 454834?
211
Calculate the remainder when 2234393 is divided by 744787.
32
Calculate the remainder when 6700 is divided by 3292.
116
What is the remainder when 346689 is divided by 30?
9
What is the remainder when 13535 is divided by 251?
232
Calculate the remainder when 10724695 is divided by 9550.
45
What is the remainder when 1751231 is divided by 44903?
14
Calculate the remainder when 7240653 is divided by 77.
35
Calculate the remainder when 442494 is divided by 29465.
519
Calculate the remainder when 209944100 is divided by 1411.
1410
Calculate the remainder when 151226 is divided by 136.
130
Calculate the remainder when 94730 is divided by 47342.
46
What is the remainder when 328036 is divided by 13668?
4
Calculate the remainder when 45279313 is divided by 3018620.
13
What is the remainder when 4435524 is divided by 25?
24
Calculate the remainder when 1572187 is divided by 648.
139
Calculate the remainder when 24452725 is divided by 10159.
12
Calculate the remainder when 252509814 is divided by 242.
238
Calculate the remainder when 943956 is divided by 144.
36
What is the remainder when 168785760 is divided by 2288?
0
What is the remainder when 222958 is divided by 166?
20
Calculate the remainder when 633580 is divided by 126710.
30
Calculate the remainder when 1166183 is divided by 348.
35
What is the remainder when 1670029 is divided by 98235?
34
Calculate the remainder when 269335621 is divided by 13.
9
Calculate the remainder when 5438735 is divided by 1277.
1269
Calculate the remainder when 3414322 is divided by 11.
10
Calculate the remainder when 3707988 is divided by 3022.
3016
What is the remainder when 228660 is divided by 5583?
5340
Calculate the remainder when 89412 is divided by 44479.
454
Calculate the remainder when 258677 is divided by 15213.
56
What is the remainder when 56465 is divided by 1492?
1261
What is the remainder when 6890 is divided by 1190?
940
What is the remainder when 26344266 is divided by 89?
88
Calculate the remainder when 30107396 is divided by 361.
357
What is the remainder when 334495 is divided by 8?
7
What is the remainder when 43161212 is divided by 880841?
3
Calculate the remainder when 4960574 is divided by 3227.
675
What is the remainder when 3567667 is divided by 46?
45
Calculate the remainder when 82109 is divided by 891.
137
Calculate the remainder when 4349441 is divided by 703.
683
What is the remainder when 3839396 is divided by 486?
482
What is the remainder when 12745741 is divided by 2883?
2881
Calculate the remainder when 853443 is divided by 47412.
27
What is the remainder when 54732 is divided by 490?
342
What is the remainder when 11361948 is divided by 32?
28
Calculate the remainder when 3243478 is divided by 3789.
94
Calculate the remainder when 126240 is divided by 42055.
75
What is the remainder when 2443545 is divided by 1306?
19
Calculate the remainder when 380443 is divided by 19905.
2248
What is the remainder when 6623646 is divided by 1857?
1584
Calculate the remainder when 6580999 is divided by 356.
339
What is the remainder when 20073 is divided by 19679?
394
What is the remainder when 2696611 is divided by 2695984?
627
Calculate the remainder when 48738434 is divided by 147.
143
What is the remainder when 27073 is divided by 7007?
6052
What is the remainder when 212641 is divided by 889?
170
What is the remainder when 6847816 is divided by 201406?
12
Calculate the remainder when 175675 is divided by 7778.
4559
Calculate the remainder when 122046666 is divided by 88.
82
Calculate the remainder when 826377 is divided by 274410.
3147
What is the remainder when 38301027 is divided by 7051?
7046
Calculate the remainder when 27791997 is divided by 772.
769
Calculate the remainder when 166512577 is divided by 988.
985
Calculate the remainder when 11024490 is divided by 8.
2
What is the remainder when 558473 is divided by 155?
8
Calculate the remainder when 31824999 is divided by 7956238.
47
What is the remainder when 507952 is divided by 2490?
2482
What is the remainder when 1088576 is divided by 32987?
5
What is the remainder when 34785 is divided by 6832?
625
Calculate the remainder when 12662956 is divided by 742.
726
Calculate the remainder when 4775755 is divided by 77028.
19
Calculate the remainder when 683403399 is divided by 340.
339
Calculate the remainder when 236455 is divided by 14771.
119
Calculate the remainder when 2142086 is divided by 192.
134
What is the remainder when 93466 is divided by 4078?
3750
Calculate the remainder when 97918497 is divided by 125.
122
What is the remainder when 374842 is divided by 145?
17
Calculate the remainder when 22055 is divided by 3862.
2745
Calculate the remainder when 1617826 is divided by 109.
48
Calculate the remainder when 24838871 is divided by 379.
348
Calculate the remainder when 32521 is divided by 845.
411
Calculate the remainder when 25026 is divided by 7561.
2343
What is the remainder when 4540280 is divided by 31312?
40
What is the remainder when 30461 is divided by 29916?
545
Calculate the remainder when 318816469 is divided by 27.
10
What is the remainder when 19126694 is divided by 19126683?
11
What is the remainder when 33434744 is divided by 877?
873
Calculate the remainder when 61120168 is divided by 20373373.
49
Calculate the remainder when 41810074 is divided by 99.
97
Calculate the remainder when 270032 is divided by 4275.
707
Calculate the remainder when 248231 is divided by 241.
1
Calculate the remainder when 709119 is divided by 915.
909
What is the remainder when 7080852 is divided by 92?
72
Calculate the remainder when 29161 is divided by 6206.
4337
Calculate the remainder when 192815 is divided by 192703.
112
What is the remainder when 5918877 is divided by 19534?
75
What is the remainder when 48488386 is divided by 63?
58
What is the remainder when 1707551 is divided by 48?
47
Calculate the remainder when 11387353 is divided by 962.
159
What is the remainder when 72881341 is divided by 14?
1
What is the remainder when 50273598 is divided by 200?
198
What is the remainder 